of m(-13)?
19
Let h(k) = -3*k**3 - k**2 + 15*k + 13. List the prime factors of h(-5).
2, 3
Suppose -16*j = -19*j + 903. List the prime factors of j.
7, 43
List the prime factors of (2 - -4) + (-1104)/(-2).
2, 3, 31
Suppose 3*s = -28*c + 24*c + 6404, 5*c - 7978 = 3*s. What are the prime factors of c?
2, 17, 47
Suppose -2*d + 9 - 17 = 0. List the prime factors of (-558 + 3)*d/12.
5, 37
Suppose 7*t - 12*t + 10 = 0. Let h = 6 + 115. Suppose h - 43 = t*q. List the prime factors of q.
3, 13
Suppose y - 5*y + 8 = 0. Let v = y + 2. Suppose -8*p = -v*p - 92. What are the prime factors of p?
23
Let i(q) be the second derivative of 37*q**4/4 + q**3/2 + 3*q**2/2 + 35*q. List the prime factors of i(-1).
3, 37
Let l(y) = y**2 + 4*y + 3. Suppose 4*o - 4*x = -12, 6*o - 4*o = x - 7. Let p be l(o). Suppose -p*i + 16 = 4*n - 75, n - 117 = -4*i. List the prime factors of i.
29
Suppose z - 87 = a, -3*a = 2*z - 3*z + 97. Let c = z - 58. Suppose -2*t + 34 = -4*f, c = -2*t - f + 78. List the prime factors of t.
5
Let c = 2951 - 2009. List the prime factors of c.
2, 3, 157
Suppose -c + 5*h = 2*c - 793, h + 1285 = 5*c. What are the prime factors of c?
2
Let u(z) be the second derivative of 5*z**4/4 - 2*z**3/3 - 2*z - 30. List the prime factors of u(-4).
2
Suppose 3*w + 4*c = 320, -5*w + 0*c = -4*c - 544. Suppose -6*s - w = -9*s. List the prime factors of s.
2, 3
Let z(l) = -132*l + 206. What are the prime factors of z(-7)?
2, 5, 113
Let n(k) = 2*k - 9. Let v be n(7). Suppose -2*f - 198 = -2*t, v*f = 2*t + 2*t - 394. List the prime factors of t.
101
Let s(r) = 5*r - 103. List the prime factors of s(27).
2
Suppose 8 = -4*w + 8*w. Let y(n) = -n**3 + 6*n**2 - 4*n + 17. Let m be y(5). Suppose -b - 3*o = -w*o - 4, o - m = -4*b. List the prime factors of b.
2, 3
Suppose 5*p + 26 = c, -3*c + 24 = -p + 16. Suppose 29 = w + 3*d, 4*w = -d - 4*d + 81. Let k = w + p. What are the prime factors of k?
3
Suppose 7*b - 8*b = -2*g + 818, 1220 = 3*g + 2*b. List the prime factors of g.
2, 3, 17
Suppose 0 = -6*w + 12. Suppose -z - w = 0, 4*a + 2 = -z - 68. Let o = a - -24. What are the prime factors of o?
7
Let w(v) = -195*v + 182. What are the prime factors of w(-9)?
13, 149
Suppose 0 = 57*c - 26231 - 10591. List the prime factors of c.
2, 17, 19
What are the prime factors of (355 - 1) + (-18)/(-3)?
2, 3, 5
Suppose 0 = -4*f + 3 - 299. Let s = -44 - f. What are the prime factors of 3/(-15) - (-1266)/s?
2, 3, 7
Suppose -o = 3*j - 39 - 96, 0 = -3*j + 5*o + 117. Let d = j + -30. List the prime factors of d.
2, 7
Suppose 12 = 5*n - 33. Suppose 84 = -3*w + n*w. List the prime factors of w.
2, 7
Suppose 3*w = 56 + 28. Suppose 0 = 3*o - o - w. What are the prime factors of o/(-5)*(-5)/1?
2, 7
Suppose 1253 = 3*y - 244. List the prime factors of y.
499
Let w be 9*-1 + 9/9. Let k be (-3 - w - 2) + 1. Suppose -l + k*l = 72. List the prime factors of l.
2, 3
Suppose 0*y - 5*y - 3*r + 591 = 0, -246 = -2*y + 2*r. Suppose 2*v - 7*v + y = 0. What are the prime factors of v?
2, 3
Let x(k) = 14*k**2 - 21*k - 382. List the prime factors of x(-16).
2, 29, 61
Let x be (-16)/(-4) + -5 + 3. Suppose 3*c = x*f - 341, -c = 3*f + 2*c - 489. What are the prime factors of f?
2, 83
Suppose 2*t - 559 = -5*l, 161 = 2*t + 4*l - 399. What are the prime factors of t?
2, 3, 47
Let b = 19 - -9. Suppose 0 = 5*g + b - 283. List the prime factors of g.
3, 17
Suppose 0 = -14*m + 17*m - 9, 2*m + 724 = l. What are the prime factors of l?
2, 5, 73
Let p(k) = 176*k**2 + 8*k. Let n(u) = -59*u**2 - 3*u. Let o(d) = -8*n(d) - 3*p(d). Let q be o(1). Let r = q - -80. What are the prime factors of r?
2, 3
Let u(q) = 13*q**2 + 19*q - 3. Let j(n) = -14*n**2 - 19*n + 3. Let y(m) = 5*j(m) + 6*u(m). List the prime factors of y(-6).
3, 19
Let g = -85 - -49. Let a = g + 39. What are the prime factors of a?
3
Suppose -t - 6 = -w + t, -5*t = 4*w - 24. Let d = w - 12. Let x = d - -20. What are the prime factors of x?
2, 7
Let v(k) = -57*k**3 + 5*k. Let p be v(-2). Let f = p + -293. List the prime factors of f.
3, 17
Let h = 14 + 4. Suppose 0 = -q - 0*j + 3*j + 14, -h = -3*q - 3*j. Suppose 5*s - 282 = k, -4 = -4*k + q. What are the prime factors of s?
3, 19
Let q(f) = f**3 - 38*f**2 - 149*f + 143. List the prime factors of q(43).
11, 271
What are the prime factors of (132/(-20))/((-3)/585)?
3, 11, 13
List the prime factors of (107*5)/(38/418).
5, 11, 107
Let u(k) = k**2 + k. Let y be u(1). Suppose -10 = y*s - 7*s. What are the prime factors of s/12 - (-418)/12?
5, 7
Suppose -4*i = 3*c - 170, -3*i + 229 = c + 3*c. Suppose -2*v - 66 = -5*t, -4*t - 2*v = -v - c. Let s = t + -6. List the prime factors of s.
2
What are the prime factors of -3 + (168 - 24/(-3))?
173
Suppose -12*z + 14002 + 6770 = 0. What are the prime factors of z?
3, 577
Let b(p) = -p**2 + 8*p + 6. Let f be b(8). What are the prime factors of (-536)/(-6) + (60/9 - f)?
2, 3, 5
Let r = 491 - 252. List the prime factors of r.
239
Let u be (-4529)/(-21) + (-1)/(-3). Let l = 304 - u. Let f = l + -57. List the prime factors of f.
31
Let d = 45 + -31. Let m = d + -20. List the prime factors of (-21 - -1)*(5 + m).
2, 5
Let l(t) = 79*t**2 + 5*t - 40. List the prime factors of l(4).
2, 311
Let t(a) = -11*a + 55. List the prime factors of t(-29).
2, 11, 17
Suppose -6 = -4*b - 2*c, -4*b + 2*c - 3 = -13. Let n(k) = 3 - 4*k - 39*k**3 + 3*k - 5 + 40*k**3. List the prime factors of n(b).
2
Let c(m) = -33 + 39 + 9 - 28*m + 8. What are the prime factors of c(-3)?
107
Let x = 40 - 36. Suppose x*l - 4*q - 157 - 19 = 0, 12 = 4*q. What are the prime factors of l?
47
Let z(h) = h**3 - 10*h**2 + 16*h + 2. Let o be z(8). Suppose 4*w + 5*t - 170 = 0, 2*w = -o*w - 2*t + 164. List the prime factors of w.
2, 5
Suppose 17*g = 14152 + 40724. List the prime factors of g.
2, 3, 269
Let f = 6 + 5. List the prime factors of (510/(-2))/(-12 + f).
3, 5, 17
Let c(a) = a**3 - 7*a**2 - 6*a + 78. Let g be c(7). Let t be -3*(-1 - 0)*1. Suppose -t*n - n = -g. What are the prime factors of n?
3
Let c = 159 - 154. Suppose -g + 17 = -c*q + q, 68 = 4*g - q. What are the prime factors of g?
17
Suppose 2*x = 195 + 53. Let t = x - 55. Suppose -t = -3*y + 3*p - 6*p, 5*y = 3*p + 107. List the prime factors of y.
2, 11
Let s be (-8)/(-4)*(0 + (-6)/(-4)). What are the prime factors of (-40)/36*s*123/(-2)?
5, 41
Suppose 5*v - 10997 = 2*q, 0 = -5*v + 3*q - 7*q + 11021. List the prime factors of v.
31, 71
Suppose -2*b - 2430 = -12856. What are the prime factors of b?
13, 401
Let f(m) = -m**2 + 3*m - 5. Let q be f(4). Let u = q + 24. Suppose -22 = -y + u. List the prime factors of y.
37
Let d = 152 + 10. Let w = -6 - -11. Suppose -84 = -2*p - m + w*m, 5*p + 2*m = d. List the prime factors of p.
2, 17
Suppose 9 + 6 = 5*k. Suppose -6*x + 3*x + 4*g + 112 = 0, 0 = 4*g + 4. Suppose o - x = -k*o. List the prime factors of o.
3
Suppose -p - 21 - 149 = -3*x, -2*x + 2*p + 112 = 0. What are the prime factors of x?
3, 19
Let h = -106 - -44. Let u = h - -34. Let x = u + 51. List the prime factors of x.
23
Let l(b) be the third derivative of 1/30*b**5 - 3*b**2 - 1/120*b**6 + 0*b + 1/4*b**4 + 0 - 2/3*b**3. List the prime factors of l(-3).
23
Let m(k) be the third derivative of -k**4/12 + k**3/3 + 13*k**2. What are the prime factors of m(-20)?
2, 3, 7
Suppose -2501 = -17*k + 185. List the prime factors of k.
2, 79
Let h(l) = -9*l + 1. Let z be 34/(-8) - 6/8. Let t be h(z). Let q = t - 24. What are the prime factors of q?
2, 11
Suppose -5*t - 1 - 4 = 0, 357 = f - 4*t. What are the prime factors of f?
353
Suppose 100980 = 41*d - 5*d. List the prime factors of d.
3, 5, 11, 17
Suppose 0 = 395*w - 400*w + 15615. What are the prime factors of w?
3, 347
Let o = -87 - -218. List the prime factors of o.
131
Let k(n) = -n**3 + 10*n**2 - 2*n. Let a = 3 - 0. Suppose -a = -0*f - f, -5*s = -5*f - 30. What are the prime factors of k(s)?
3, 7
Let l(z) = 2*z**2 - 5. Let b be l(-5). Suppose -138 = -2*c + 20. Let p = c - b. List the prime factors of p.
2, 17
Suppose -59*r = 3*g - 62*r - 3918, -2*g + 4*r = -2608. List the prime factors of g.
2, 3, 109
Suppose 3523 = 10*k - 9987. What are the prime factors of k?
7, 193
Let k(d) be the third derivative of 19*d**5/60 + d**4/12 - 5*d**3/6 - 9*d**2. Let n be k(5). Suppose 0*v - n = -6*v. What are the prime factors of v?
2, 5
Suppo